{"id":6436,"date":"2022-05-20T12:41:08","date_gmt":"2022-05-20T09:41:08","guid":{"rendered":"https:\/\/www.gulcemalsmmm.com\/?page_id=6436"},"modified":"2022-05-20T12:41:08","modified_gmt":"2022-05-20T09:41:08","slug":"yillik-isletme-cetveli-islemleri","status":"publish","type":"page","link":"https:\/\/www.gulcemalsmmm.com\/index.php\/diger-icerikler\/yillik-isletme-cetveli-islemleri\/","title":{"rendered":"Y\u0131ll\u0131k \u0130\u015fletme Cetveli \u0130\u015flemleri"},"content":{"rendered":"<p><strong>YILLIK \u0130\u015eLETME CETVEL\u0130 \u0130\u015eLEMLER\u0130<\/strong><\/p>\n<p>Sanayi Sicil Kanunun 5.Maddesi Gere\u011fi;\u00a0Y\u0131ll\u0131k \u0130\u015fletme Cetvelinin Her Y\u0131l \u0130lk 4 (D\u00f6rt) Ay \u0130\u00e7inde (Nisan Ay\u0131 Sonuna Kadar)\u00a0\u0130L B\u0130L\u0130M, SANAY\u0130 VE TEKNOLOJ\u0130 M\u00dcD\u00dcRL\u00dcKLER\u0130NE\u00a0Verilmesi Yasal Zorunluluktur. Kanunun Bu Maddesine Ayk\u0131r\u0131 Hareket Edenler Hakk\u0131nda \u0130dari Para Cezas\u0131 Uygulanmaktad\u0131r.\u00a0Ayr\u0131ca, 2 y\u0131l \u00fcst \u00fcste y\u0131ll\u0131k i\u015fletme cetveli vermeyen firmalar\u0131n faal olup olmad\u0131\u011f\u0131 konusunda \u00fcretim yerinde \u0130l M\u00fcd\u00fcrl\u00fc\u011f\u00fc elemanlar\u0131nca denetim yap\u0131l\u0131r.<\/p>\n<p>Sanayi Sicil Belgesinde kay\u0131tl\u0131 adresinde \u00fcretim faaliyetinde bulunmayan, kapal\u0131 olan veya adres tespitinin yap\u0131lamad\u0131\u011f\u0131 ba\u015fka bir adrese ta\u015f\u0131nm\u0131\u015f olan\u00a0 firman\u0131n Sanayi Sicil Belgesi \u0130ptal edilir. Y\u0131ll\u0131k i\u015fletme cetvelini vermedi\u011fi i\u00e7in uygulanan idari para cezas\u0131 ile birlikte, durumunu bildirmedi\u011fi i\u00e7in uygulanan idari para cezas\u0131 tahsil edilmek \u00fczere, kay\u0131tl\u0131 bulundu\u011fu vergi dairesine bildirilir.<\/p>\n<ol>\n<li>Dilek\u00e7e<\/li>\n<li>Bir \u00f6nceki y\u0131la ait\u00a0Y\u0131ll\u0131k \u0130\u015fletme Cetveli<\/li>\n<\/ol>\n<p>YILLIK \u0130\u015eLETME CETVEL\u0130N\u0130 HER YIL \u0130LK D\u00d6RT AY \u0130\u00c7\u0130NDE (N\u0130SAN AYI SONUNA KADAR) \u0130L M\u00dcD\u00dcRL\u00dc\u011e\u00dcM\u00dcZE VERMEY\u0130 UNUTMAYINIZ.<\/p>\n<p>YILLIK \u0130\u015eLETME CETVEL\u0130;\u00a0\u0130L B\u0130L\u0130M, SANAY\u0130 VE TEKNOLOJ\u0130 M\u00dcD\u00dcRL\u00dcKLER\u0130NE\u00a0\u015eAHSEN VER\u0130LEB\u0130LECE\u011e\u0130 G\u0130B\u0130TAAHH\u00dcTL\u00dc POSTA \u0130LE DE G\u00d6NDER\u0130LEB\u0130L\u0130R. \u00a0AYRICA BAKANLI\u011eIMIZ \u201c<strong>http:\/\/www.sanayi.gov.tr<\/strong>\u201d WEB SAYFASINDA YER ALAN \u201cYILLIK \u0130\u015eLETME CETVEL\u0130 \u0130\u015eLEMLER\u0130\u201d B\u00d6L\u00dcM\u00dcN\u00dc KULLANARAK ELEKTRON\u0130K ORTAMDA VER\u0130LEB\u0130L\u0130R.<\/p>\n","protected":false},"excerpt":{"rendered":"<p>YILLIK \u0130\u015eLETME CETVEL\u0130 \u0130\u015eLEMLER\u0130 Sanayi Sicil Kanunun 5.Maddesi Gere\u011fi;\u00a0Y\u0131ll\u0131k \u0130\u015fletme Cetvelinin Her Y\u0131l \u0130lk 4 (D\u00f6rt) Ay \u0130\u00e7inde (Nisan Ay\u0131 Sonuna Kadar)\u00a0\u0130L B\u0130L\u0130M, SANAY\u0130 VE TEKNOLOJ\u0130 M\u00dcD\u00dcRL\u00dcKLER\u0130NE\u00a0Verilmesi Yasal Zorunluluktur. Kanunun Bu Maddesine Ayk\u0131r\u0131 Hareket Edenler Hakk\u0131nda \u0130dari Para Cezas\u0131 Uygulanmaktad\u0131r.\u00a0Ayr\u0131ca, 2 y\u0131l \u00fcst \u00fcste y\u0131ll\u0131k i\u015fletme cetveli vermeyen firmalar\u0131n faal olup olmad\u0131\u011f\u0131 konusunda \u00fcretim yerinde [&hellip;]<\/p>\n","protected":false},"author":1,"featured_media":0,"parent":6307,"menu_order":0,"comment_status":"closed","ping_status":"closed","template":"","meta":{"footnotes":""},"class_list":["post-6436","page","type-page","status-publish","hentry"],"_links":{"self":[{"href":"https:\/\/www.gulcemalsmmm.com\/index.php\/wp-json\/wp\/v2\/pages\/6436","targetHints":{"allow":["GET"]}}],"collection":[{"href":"https:\/\/www.gulcemalsmmm.com\/index.php\/wp-json\/wp\/v2\/pages"}],"about":[{"href":"https:\/\/www.gulcemalsmmm.com\/index.php\/wp-json\/wp\/v2\/types\/page"}],"author":[{"embeddable":true,"href":"https:\/\/www.gulcemalsmmm.com\/index.php\/wp-json\/wp\/v2\/users\/1"}],"replies":[{"embeddable":true,"href":"https:\/\/www.gulcemalsmmm.com\/index.php\/wp-json\/wp\/v2\/comments?post=6436"}],"version-history":[{"count":1,"href":"https:\/\/www.gulcemalsmmm.com\/index.php\/wp-json\/wp\/v2\/pages\/6436\/revisions"}],"predecessor-version":[{"id":6437,"href":"https:\/\/www.gulcemalsmmm.com\/index.php\/wp-json\/wp\/v2\/pages\/6436\/revisions\/6437"}],"up":[{"embeddable":true,"href":"https:\/\/www.gulcemalsmmm.com\/index.php\/wp-json\/wp\/v2\/pages\/6307"}],"wp:attachment":[{"href":"https:\/\/www.gulcemalsmmm.com\/index.php\/wp-json\/wp\/v2\/media?parent=6436"}],"curies":[{"name":"wp","href":"https:\/\/api.w.org\/{rel}","templated":true}]}}